 (8 + -14 - 0)?
-4
What is 363 - 379 - (-29 + 0)?
13
What is (-3 - (-1 + -1)) + (-8 - 13) + 15?
-7
What is the value of 6 - (-16 - (-5 - (-2 - -3)))?
16
What is (28 - 11) + -10 + -17?
-10
What is -14 + (34 - 15) + -21?
-16
Calculate (-8 - -1) + (4 - (7 - 11)) - -5.
6
Evaluate -11 + (16 - 1) + -8 + -1.
-5
Calculate 1 - 9 - ((-8 - 14) + 16).
-2
(-5 - (-3 + 2)) + -4 + (18 - 2)
8
Calculate -1 - -5 - (-36 - -7 - -32).
1
What is the value of (23 - 31) + 11 - 17?
-14
What is (13 - (14 - -3 - 4)) + 12?
12
What is the value of -2 - ((7 - 8) + -15 + 6) - 10?
-2
What is the value of 16 - 3 - (26 + -26) - -2?
15
What is -17 + -6 + 11 + 8?
-4
What is the value of (1 - -6 - (-16 - (-25 + 9))) + -2?
5
Calculate (52 - 12) + -34 - (-1 - 9).
16
What is the value of -11 + 26 - (-10 - -9)?
16
Evaluate -13 + 7 + 7 + 2.
3
What is -5 - -12 - 3 - (9 - (-3 + 5))?
-3
What is the value of 11 - (6 + 26 + -13 + -4)?
-4
Evaluate (2 + 1 + -2 - (-3 + -1)) + 4.
9
(-40 - -36) + 2 + 13
11
What is the value of -48 - -49 - (-2 + 8 + -2)?
-3
What is the value of 4 + (14 - 11 - -1) + 7?
15
1 + 4 + -3 + -273 + 287
16
What is -35 + -11 + 22 + 9?
-15
What is -11 - (-5 - (2 - (4 - -1)) - 2)?
-7
Calculate 14 + -2 + (-7 - (-7 + 9)).
3
What is the value of 8 + 3 + -37 + -2 + 7?
-21
What is the value of 10 + 15 + (-35 - -4) - (2 - 10)?
2
What is 0 + -1 + -2 - (-33 + -19 + 54)?
-5
What is the value of 13 + -26 + (11 - 0) - -19?
17
Calculate (-15 - (11 - (15 - 12))) + 3.
-20
What is 1 + (8 + 2 - 4) + -1 + 10?
16
What is 180 + -191 + 2 + -1?
-10
Evaluate (-31 - -22 - -5) + -12.
-16
Evaluate -8 + (3 + -18 - -29).
6
Evaluate -6 - (-4 - (-8 + 11)) - 11 - 18.
-28
What is -6 - (1 + (10 - 8)) - 28?
-37
What is the value of (1 - (5 - 8)) + 1 + -4 + -1?
0
Evaluate 1 + -2 + 0 + -14 + (-1 - -3).
-13
(-2 - -5) + 10 + 143 + -154
2
What is the value of 8 - (2 + (-8 - -2) + 18 + 6)?
-12
Calculate 0 + 1 + (38 - 37) - (15 + -1).
-12
What is (1 - 5) + (-5 + 1 - (-12 + 11))?
-7
What is 24 + (-17 - -2) + -6?
3
Evaluate -8 + 36 + -14 - 26.
-12
Evaluate 5 + (-6 + -3 - (12 - 6)).
-10
(15 - 41) + (-16 - -67)
25
What is -39 + 17 + 4 + 12?
-6
What is 8 + -8 + 0 + -1 + 1?
0
40 - 45 - (2 + -22)
15
-27 + 32 - (1 + -3 - (0 + 4))
11
12 - (-24 + 26) - (0 - 1)
11
Calculate -1 - -9 - (-13 + 18 + (4 - 10)).
9
Evaluate -20 + -6 + 12 + 63 + -53.
-4
What is 0 + (36 - 15) - (9 - 0)?
12
Evaluate -40 + 32 - (22 - (4 + -7)).
-33
What is -12 - (5 + 14 - 12 - 4)?
-15
What is -10 + (17 - 15) + 15?
7
Evaluate -12 + 19 + -18 - -12.
1
What is the value of 43 + -35 + 27 - 16?
19
Evaluate 8 + ((6 - (6 + 6)) + -7 - 2).
-7
Evaluate -26 - (-7 + (-19 - -20)).
-20
(0 - -21) + -1 - (-18 - -8 - -16)
14
6 + 1 - ((-4 - -14) + -16)
13
What is the value of 2 + -35 - (-8 - -3 - -1) - 11?
-40
What is the value of 4 - 5 - (-12 + (-3 - -15) - -32)?
-33
Calculate -8 + (-6 - (-34 - -12)) + (-1 - -12).
19
What is the value of 12 + (-8 + 6 - 3)?
7
What is the value of 2 + -10 + (14 - 17) + 12?
1
16 - 9 - (8 + 10 + -15)
4
(2 + -7 - (11 - (-1 - -13))) + 4
0
Calculate (0 - -2 - (1 - -1)) + 2 - -9.
11
Evaluate 1 + (20 - 19 - (6 + -3 + -1)).
0
What is -2 - -8 - (6 - (-9 - -6) - 2)?
-1
(-1 - 4) + -38 - -28
-15
29 - 21 - ((1 - 10) + 6)
11
(-1 - 4 - -2) + 8 + -6 - 4
-5
Calculate 11 - (2 - 2 - -7).
4
What is the value of (0 + 1 - 4) + (-51 - -54)?
0
What is (-10 - (10 + -6 + -5)) + 16?
7
Evaluate -22 + -20 + (-14 - -40).
-16
Evaluate (3 + 6 - (-5 + 14)) + 3 - -5.
8
What is -6 + -14 + 12 + -2 + 27?
17
Evaluate -7 - 6 - (-11 - (0 - 2)).
-4
What is 4 + -19 + (7 + -10 + 3 - -8)?
-7
What is the value of -2 + (-11 - -2) - (452 + -453) - -2?
-8
9 + -23 + 6 + -1 + 11
2
What is 6 + -13 + 16 + -3 + 2 + -19?
-11
Calculate -41 + (32 - 30 - -5).
-34
What is the value of 1 + 0 - ((52 - 25) + -32)?
6
What is the value of -2 - ((3 + -12 + 2 - -16) + -4)?
-7
Evaluate 3 - -4 - (-11 - (1 - (3 - -6))).
10
Evaluate 3 + (6 + -38 - -24).
-5
(-23 - (-6 + -9)) + 8 - -15
15
6 + (-3 - -7) + 20 + -24 - -15
21
What is the value of 0 + -2 + -1 - ((-80 - -122) + -20)?
-25
What is (-1 + 8 - -1) + 61 + (-73 - 17)?
-21
What is the value of -5 + (6 - -6) - ((17 - -21) + -13)?
-18
Calculate 2 - (-17 - (-25 - -21)).
15
Calculate -9 - (-9 + 18 + -14) - (-14 + -1).
11
Calculate 21 + (-3 - 1 - (29 - 19)).
7
5 + -5 + 41 + 0 + -1 - 11
29
What is the value of -3 - (26 + 1 - (1 + (-1 - 3)))?
-33
(2 - 6) + (466 - 464)
-2
Calculate 188 - 190 - (0 + -11) - 7.
2
Calculate -8 + 20 + -27 - -7.
-8
What is 2 + (2 - 10) - (13 - 2 - 13)?
-4
Evaluate (-47 - -66) + (-15 - -11).
15
What is 5 + -19 + (-2 - 1 - -10)?
-7
(15 + 3 + -10 - (5 + 5)) + 11
9
Calculate -15 - (-9 + 3 + 10 + (-6 - -2)).
-15
What is the value of -9 + 1 - (12 - 24)?
4
12 + (33 - 10) - 21
14
What is the value of -19 + (16 - (-1 + 10)) - -14 - -8?
10
2 + -2 - (-1 - 1) - (1672 - 1659)
-11
What is the value of -8 + 19 + 12 - 42?
-19
-5 + 20 - ((14 - 9) + 2)
8
What is the value of 11 - (-24 - -3) - 1?
31
What is (-2 - (-1 + 4)) + (-76 - -56) - -9?
-16
Evaluate (-18 - -1) + 1 - (-85 - -61).
8
Calculate (9 - (17 - 7 - 6)) + (2 - -3).
10
What is 7 + (5 - 13) + (4 - 5 - 3)?
-5
-4 + (-2 - (-19 - -13 - (-7 + 0)))
-7
Calculate 1 + -41 - (790 - 803).
-27
What is 19 + 67 + -21 + -40?
25
Evaluate 22 + -4 + -11 + 4.
11
What is -8 + 0 + 0 - (-2 - -5)?
-11
Evaluate 12 - 2 - 5 - ((-5 - 2) + 4).
8
Evaluate (-3 - (4 + 3 + -16)) + -10.
-4
7 + (4 - 19 - -2)
-6
What is (-3 - -2) + (-21 - 3) + 17 + -6?
-14
(-4 - (-18 + 14)) + 9 + -1 - -11
19
Calculate 4 - (32 + -12 + (7 - (-3 - -8))).
-18
What is (1 - (-22 + 5 + 8)) + -2?
8
Calculate 39 + -34 - (-2 - (-18 - -3 - 1)).
-9
Evaluate 10 + (-5 - (-1 - 0)) + -6 + -5.
-5
Evaluate -33 - ((-4 - 2) + 4).
-31
What is the value of -22 + (-35 + 15 - -65)?
23
What is -46 + 63 - 34 - -42?
25
(-11 + 3 - (-8 - (28 - 14))) + 4
18
Evaluate -21 + 9 + -19 + 46.
15
What is -2 - (4 + -7) - (-34 - -37)?
-2
-8 + 2 + (-49 - -101) + -32
14
What is the value of 0 + (-15 - 5 - -7) + 7 + -6?
-12
What is 23 - ((2 - (-1 - 4)) + 7 + -6)?
15
Evaluate (7 - 1) + (-21 + 3 + 6 - -7).
1
-1 + 2 + -15 - (-21 - (-29 - -15))
-7
Calculate (19 - (-1 - -22)) + (2 - 2).
-2
Calculate -1 - (1 - (-6 - ((-6 - -3) + 2))).
-7
What is 13 + (6 - 11) + -1?
7
-12 + 3 + 27 + -11
7
Calculate (3 - -1) + (28 - 32) + 7 + 2.
9
Evaluate 34 - 41 - (-5 - 0).
-2
What is (0 + 8 - 17 - -5) + 19?
15
What is -3 - 14 - (-359 + 344)?
-2
What is the value of 16 - 12 - (-5 - (-9 + 5))?
5
What is -7 - (-2 - 1 - (-1 - -12 - -2))?
9
What is (2 - 4) + (-4 - 9) + 12 - -4?
1
What is -10 + (0 - -8) - (-16 + 27)?
-13
-4 - (11 + -44 + 4)
25
-13 + 28 + (9 - 11) + -29
-16
-34 + (69 - 21) + -48
-34
Evaluate 0 - (-3 - -1) - (-24 - (38 + -60)).
4
(0 - 14) + (-1066 - -1083)
3
10 - (1 + 16 + -9 - 9)
11
Calculate -3 + -3 + -4 + (-2 - -1).
-11
What is 7 + 3 + (-1 - 4) - -9 - 4?
10
What is the value of (7 + 9 - -2) + -4?
14
What is 3 + 21 - (-30 - -29)?
25
(-1 - 2 - 0) + -33 + 11 + 3
-22
Evaluate (-6 - -30) + 0 + (-1 - 1).
22
Calculate (-9 - -11) + (-24 - -41).
19
Calculate 15 - (0 + 3) - (-6 + 79 - 26).
-35
Evaluate (-4 - 1) + 5 + -2 + 11.
9
Evaluate (-14 - -20 - 9 - 11) + 11.
-3
What is the value of 9 - (-11 - ((12 - 5) + -13))?
14
-1 - -11 - (-22 - (-30 - 34))
-32
What is 273 + -282 - (0 + 3)?
-12
Evaluate 449 + -452 - (-11 + 0 + 2).
6
Evaluate (-15 + -3 - -13) + 22 + -1.
16
What is 0 + 41 - (-81 - -94)?
28
What is 3 + 12 + -18 + (-4 - -2 - 2)?
-7
33 + (-52 + 13 - 20)
-26
Evaluate 2 + -26 + -33 + 32 + 10.
-15
Calculate 27 - (-22 + 68) - -29.
10
Evaluate 7 + -6 + (-3 - (-3 - 0)) + 3.
4
Calculate (-1 - 11) + (-35 + 33 - -21) + 7.
14
Evaluate -14 - -8 - (-1 + 10 + -5 - 4).
-6
Calculate (-4 - -2 - -3) + (-6 - -8).
3
What is (5 - 5) + -9 - -21?
12
What is 36 + -11 + -3 - (14 - 4)?
12
-6 - (-6 + 8 + -2)
-6
What is the value of (-10 - 10 - -10) + 2 + -12?
-20
What is -26 + 11 + 0 + -6?
-21
Evaluate 8 + -2 + 7 + -8.
5
Evaluate 2 - (-18 + 14) - (14 + -1) - -19.
12
What is 9 - (-1 + 13 + (-73 - -65))?
5
-20 + (14 - -3 - 11)
-14
Calculate (19 - (4 + 19 + -12)) + 0 + 3.
11
6 + -8 + -14 + 13 + -22
-25
Calculate 3 - (-3 - (7 - (-7 - (7 + -18)))).
9
Calculate (56 + -22 - 12) + -9.
13
Calculate -7 + (-1 + 1 + -2 - -2).
-7
What is the value of 4 + (14 - (16 - -1))?
1
What is the value of 6 - (-12 - -27) - -7?
-2
What is the value 